{"id":1639,"date":"2013-06-21T13:13:56","date_gmt":"2013-06-21T13:13:56","guid":{"rendered":"http:\/\/planetkorda.com\/wordpress\/?page_id=1639"},"modified":"2013-06-22T17:22:23","modified_gmt":"2013-06-22T17:22:23","slug":"press-reviews","status":"publish","type":"page","link":"http:\/\/planetkorda.com\/wordpress\/films\/if-not-you\/press-reviews\/","title":{"rendered":"Press Reviews"},"content":{"rendered":"<p><a onclick=\"window.open('http:\/\/www.lfc.lt\/lt\/Page=ArticleList&amp;ID=9360','','');return false;\" href=\"http:\/\/www.lfc.lt\/lt\/Page=ArticleList&amp;ID=9360\"><img loading=\"lazy\" decoding=\"async\" class=\"alignleft size-thumbnail wp-image-1668\" alt=\"INY_poster_EN_sm\" src=\"http:\/\/planetkorda.com\/wordpress\/wp-content\/uploads\/2013\/06\/INY_poster_EN_sm-141x200.jpg\" width=\"141\" height=\"200\" srcset=\"http:\/\/planetkorda.com\/wordpress\/wp-content\/uploads\/2013\/06\/INY_poster_EN_sm-141x200.jpg 141w, http:\/\/planetkorda.com\/wordpress\/wp-content\/uploads\/2013\/06\/INY_poster_EN_sm-212x300.jpg 212w, http:\/\/planetkorda.com\/wordpress\/wp-content\/uploads\/2013\/06\/INY_poster_EN_sm-725x1024.jpg 725w, http:\/\/planetkorda.com\/wordpress\/wp-content\/uploads\/2013\/06\/INY_poster_EN_sm-940x1327.jpg 940w, http:\/\/planetkorda.com\/wordpress\/wp-content\/uploads\/2013\/06\/INY_poster_EN_sm.jpg 1653w\" sizes=\"auto, (max-width: 141px) 100vw, 141px\" \/>Po premjeros. &#8220;Jei ne tu&#8221;: draugyst\u0117s amplitud\u0117<\/a>, review (in Lithuanian) by Ieva Joni\u0161kyt\u0117 (31\/3\/2012)<\/p>\n<p><a onclick=\"window.open('http:\/\/alkas.lt\/2012\/03\/16\/%E2%80%9Ekino-pavasario-lietuvisku-premjeru-kurejai-pristate-savo-darbus\/','','');return false;\" href=\"http:\/\/alkas.lt\/2012\/03\/16\/%E2%80%9Ekino-pavasario-lietuvisku-premjeru-kurejai-pristate-savo-darbus\/\">\u201eKino pavasario\u201c lietuvi\u0161k\u0173 premjer\u0173 k\u016br\u0117jai pristat\u0117 savo darbus<\/a><\/p>\n<p><a onclick=\"window.open('http:\/\/www.bernardinai.lt\/straipsnis\/2012-03-14-kino-pavasaris-premjerinius-filmus-pristatys-ir-patyre-ir-debiutuojantys-lietuviu-rezisieriai\/78746\/print','','');return false;\" href=\"http:\/\/www.bernardinai.lt\/straipsnis\/2012-03-14-kino-pavasaris-premjerinius-filmus-pristatys-ir-patyre-ir-debiutuojantys-lietuviu-rezisieriai\/78746\/print\">\u201eKino pavasaris\u201c. Premjerinius filmus pristatys ir patyr\u0119, ir debiutuojantys lietuvi\u0173 re\u017eisieriai<\/a><\/p>\n","protected":false},"excerpt":{"rendered":"<p>Po premjeros. &#8220;Jei ne tu&#8221;: draugyst\u0117s amplitud\u0117, review (in Lithuanian) by Ieva Joni\u0161kyt\u0117 (31\/3\/2012) \u201eKino pavasario\u201c lietuvi\u0161k\u0173 premjer\u0173 k\u016br\u0117jai pristat\u0117 savo darbus \u201eKino pavasaris\u201c. Premjerinius filmus pristatys ir patyr\u0119, ir debiutuojantys lietuvi\u0173 re\u017eisieriai<\/p>\n","protected":false},"author":1,"featured_media":0,"parent":1629,"menu_order":3,"comment_status":"closed","ping_status":"closed","template":"","meta":{"footnotes":""},"class_list":["post-1639","page","type-page","status-publish","hentry"],"_links":{"self":[{"href":"http:\/\/planetkorda.com\/wordpress\/wp-json\/wp\/v2\/pages\/1639","targetHints":{"allow":["GET"]}}],"collection":[{"href":"http:\/\/planetkorda.com\/wordpress\/wp-json\/wp\/v2\/pages"}],"about":[{"href":"http:\/\/planetkorda.com\/wordpress\/wp-json\/wp\/v2\/types\/page"}],"author":[{"embeddable":true,"href":"http:\/\/planetkorda.com\/wordpress\/wp-json\/wp\/v2\/users\/1"}],"replies":[{"embeddable":true,"href":"http:\/\/planetkorda.com\/wordpress\/wp-json\/wp\/v2\/comments?post=1639"}],"version-history":[{"count":7,"href":"http:\/\/planetkorda.com\/wordpress\/wp-json\/wp\/v2\/pages\/1639\/revisions"}],"predecessor-version":[{"id":1674,"href":"http:\/\/planetkorda.com\/wordpress\/wp-json\/wp\/v2\/pages\/1639\/revisions\/1674"}],"up":[{"embeddable":true,"href":"http:\/\/planetkorda.com\/wordpress\/wp-json\/wp\/v2\/pages\/1629"}],"wp:attachment":[{"href":"http:\/\/planetkorda.com\/wordpress\/wp-json\/wp\/v2\/media?parent=1639"}],"curies":[{"name":"wp","href":"https:\/\/api.w.org\/{rel}","templated":true}]}}

<p><a onclick="window.open('http://www.lfc.lt/lt/Page=ArticleList&amp;ID=9360','','');return false;" href="http://www.lfc.lt/lt/Page=ArticleList&amp;ID=9360"><img loading="lazy" decoding="async" class="alignleft size-thumbnail wp-image-1668" alt="INY_poster_EN_sm" src="http://planetkorda.com/wordpress/wp-content/uploads/2013/06/INY_poster_EN_sm-141x200.jpg" width="141" height="200" srcset="http://planetkorda.com/wordpress/wp-content/uploads/2013/06/INY_poster_EN_sm-141x200.jpg 141w, http://planetkorda.com/wordpress/wp-content/uploads/2013/06/INY_poster_EN_sm-212x300.jpg 212w, http://planetkorda.com/wordpress/wp-content/uploads/2013/06/INY_poster_EN_sm-725x1024.jpg 725w, http://planetkorda.com/wordpress/wp-content/uploads/2013/06/INY_poster_EN_sm-940x1327.jpg 940w, http://planetkorda.com/wordpress/wp-content/uploads/2013/06/INY_poster_EN_sm.jpg 1653w" sizes="auto, (max-width: 141px) 100vw, 141px" />Po premjeros. &#8220;Jei ne tu&#8221;: draugystės amplitudė</a>, review (in Lithuanian) by Ieva Joniškytė (31/3/2012)</p>
<p><a onclick="window.open('http://alkas.lt/2012/03/16/%E2%80%9Ekino-pavasario-lietuvisku-premjeru-kurejai-pristate-savo-darbus/','','');return false;" href="http://alkas.lt/2012/03/16/%E2%80%9Ekino-pavasario-lietuvisku-premjeru-kurejai-pristate-savo-darbus/">„Kino pavasario“ lietuviškų premjerų kūrėjai pristatė savo darbus</a></p>
<p><a onclick="window.open('http://www.bernardinai.lt/straipsnis/2012-03-14-kino-pavasaris-premjerinius-filmus-pristatys-ir-patyre-ir-debiutuojantys-lietuviu-rezisieriai/78746/print','','');return false;" href="http://www.bernardinai.lt/straipsnis/2012-03-14-kino-pavasaris-premjerinius-filmus-pristatys-ir-patyre-ir-debiutuojantys-lietuviu-rezisieriai/78746/print">„Kino pavasaris“. Premjerinius filmus pristatys ir patyrę, ir debiutuojantys lietuvių režisieriai</a></p>

<p>Po premjeros. &#8220;Jei ne tu&#8221;: draugystės amplitudė, review (in Lithuanian) by Ieva Joniškytė (31/3/2012) „Kino pavasario“ lietuviškų premjerų kūrėjai pristatė savo darbus „Kino pavasaris“. Premjerinius filmus pristatys ir patyrę, ir debiutuojantys lietuvių režisieriai</p>
